789 composite?
False
Is 5234051 a composite number?
True
Is 3139571 a prime number?
True
Is 258252113 composite?
True
Is 169167437 prime?
False
Is 363620437 prime?
False
Is 130597993 a prime number?
True
Is 561833 a composite number?
True
Is 852041171 a composite number?
False
Is 372223 a composite number?
False
Is 25237753 a prime number?
True
Is 11093547 a composite number?
True
Is 45956905 a composite number?
True
Is 9586931 prime?
False
Is 3489601 composite?
True
Is 14770379 composite?
True
Is 407890181 a prime number?
False
Is 1685179 a prime number?
True
Is 163841 a prime number?
True
Is 855857 a prime number?
True
Is 699381011 composite?
True
Is 480037 composite?
True
Is 265846367 a composite number?
False
Is 25711879 composite?
True
Is 33287 composite?
False
Is 2940313 prime?
True
Is 12328213 composite?
True
Is 181256419 composite?
False
Is 16976345 a composite number?
True
Is 57496741 a composite number?
False
Is 52044119 a composite number?
False
Is 24212993 a composite number?
True
Is 15219497 a prime number?
False
Is 168376369 composite?
True
Is 52873937 a composite number?
False
Is 8404607 prime?
False
Is 470320339 a composite number?
False
Is 947129962 a composite number?
True
Is 7001517 prime?
False
Is 1593029 prime?
True
Is 3759179 a composite number?
True
Is 10763833 composite?
True
Is 8051783 a composite number?
False
Is 152331209 a prime number?
False
Is 20383009 a prime number?
True
Is 3174931 a prime number?
False
Is 23967595 prime?
False
Is 13181062 a prime number?
False
Is 33763369 composite?
False
Is 415442897 composite?
False
Is 39476903 prime?
False
Is 5233285 composite?
True
Is 88237 composite?
False
Is 21377 composite?
False
Is 46130135 a prime number?
False
Is 2874619 prime?
False
Is 777389839 prime?
True
Is 75686047 a composite number?
False
Is 3704479 prime?
False
Is 83689 prime?
True
Is 33483683 a composite number?
False
Is 1811638 a composite number?
True
Is 179200231 composite?
True
Is 1764863 composite?
True
Is 165138637 a composite number?
True
Is 424709687 a composite number?
True
Is 12112531 a prime number?
True
Is 141619459 prime?
True
Is 23532467 a prime number?
False
Is 4810313 prime?
True
Is 4517187 composite?
True
Is 1850377 composite?
True
Is 4928207 a composite number?
False
Is 16522043 a prime number?
True
Is 79087763 prime?
False
Is 145807517 a composite number?
True
Is 10018429 a prime number?
True
Is 2948143 composite?
True
Is 869811 a prime number?
False
Is 139834609 prime?
True
Is 3589441 a composite number?
False
Is 34260341 prime?
False
Is 581645 composite?
True
Is 2127129 prime?
False
Is 32827411 composite?
False
Is 8925011 prime?
False
Is 4242781 prime?
True
Is 14236669 composite?
True
Is 19277387 a composite number?
True
Is 1048103 a prime number?
False
Is 837359 a composite number?
False
Is 5282017 prime?
False
Is 19634585 prime?
False
Is 1461359 a prime number?
True
Is 319119929 prime?
True
Is 29963929 a prime number?
False
Is 19922271 composite?
True
Is 679145 a composite number?
True
Is 1732649 a composite number?
False
Is 1189403 composite?
False
Is 47450509 a prime number?
True
Is 25070401 prime?
True
Is 112485691 a prime number?
True
Is 47943223 prime?
False
Is 16386677 a prime number?
False
Is 15611341 composite?
True
Is 6564406 a prime number?
False
Is 20256305 a composite number?
True
Is 129851201 composite?
False
Is 472689751 a prime number?
True
Is 92256787 composite?
True
Is 67447 composite?
False
Is 172589035 a prime number?
False
Is 2414899 a composite number?
True
Is 444430543 a composite number?
True
Is 1763626 a composite number?
True
Is 3419263 prime?
False
Is 22491683 a composite number?
False
Is 19495963 composite?
False
Is 160217 a prime number?
True
Is 36639622 composite?
True
Is 14851059 composite?
True
Is 5843327 prime?
False
Is 7262029 composite?
True
Is 2860685 composite?
True
Is 11229947 a prime number?
True
Is 4383343 a composite number?
False
Is 32940811 a prime number?
True
Is 3198803 a composite number?
True
Is 265251167 composite?
True
Is 3075023389 prime?
True
Is 744143 composite?
True
Is 1298639 prime?
False
Is 673741 composite?
True
Is 52721 composite?
False
Is 4512493 composite?
True
Is 1170437 composite?
False
Is 17739979 prime?
True
Is 40516709 prime?
False
Is 215018293 composite?
True
Is 329407423 composite?
True
Is 410728805 a composite number?
True
Is 2438153 prime?
True
Is 1240733 a prime number?
False
Is 90554293 a prime number?
True
Is 16923437 a prime number?
True
Is 21220583 composite?
False
Is 110996069 prime?
False
Is 94567071 a prime number?
False
Is 22217737 prime?
True
Is 20507363 a composite number?
True
Is 1424371 composite?
True
Is 833653 prime?
False
Is 564043 composite?
True
Is 1147499 a composite number?
False
Is 2017283 a composite number?
False
Is 3910507 a composite number?
False
Is 8825494 a composite number?
True
Is 104923173 a prime number?
False
Is 7546051 prime?
False
Is 1591391 composite?
False
Is 32816533 a composite number?
True
Is 222113329 a prime number?
False
Is 540149 a prime number?
True
Is 308852645 composite?
True
Is 262048123 a prime number?
False
Is 9216857 a prime number?
False
Is 70157 a prime number?
True
Is 692824827 composite?
True
Is 95692693 a composite number?
True
Is 26485543 a prime number?
False
Is 204616311 a composite number?
True
Is 129237979 a composite number?
True
Is 66129707 a prime number?
False
Is 3602681 prime?
True
Is 61922741 composite?
False
Is 55873559 prime?
False
Is 2415593 composite?
False
Is 44579767 prime?
False
Is 11123374 composite?
True
Is 76013071 a prime number?
True
Is 342177761 a composite number?
True
Is 2992007 prime?
True
Is 1140923 prime?
False
Is 898099 composite?
True
Is 2810357 prime?
False
Is 17287 prime?
False
Is 19008917 composite?
False
Is 1810883 a prime number?
False
Is 41171785 a composite number?
True
Is 6636689 prime?
True
Is 357266947 a prime number?
False
Is 305150227 a prime number?
False
Is 1456517 a prime number?
True
Is 1474289 prime?
False
Is 669637 composite?
False
Is 2435351 a composite number?
False
Is 57132923 a prime number?
True
Is 142352843 a prime number?
True
Is 1995797 a composite number?
False
Is 118873721 composite?
True
Is 1128139 a prime number?
False
Is 2254033 composite?
False
Is 5285503 composite?
True
Is 6583283 a composite number?
True
Is 73576273 a prime number?
False
Is 1466449 prime?
True
Is 76476307 a prime number?
True
Is 18331627 a composite number?
True
Is 32666483 a prime number?
True
Is 135208481 a prime number?
True
Is 51554461 prime?
False
Is 5420823 composite?
True
Is 4700701 prime?
False
Is 8146319 composite?
True
Is 19493597 composite?
True
Is 90220523 prime?
True
Is 8964191 a prime number?
True
Is 28106549 a composite number?
False
Is 1303909 prime?
False
Is 220214231 a prime number?
True
Is 9190211 a composite number?
False
Is 51689891 a composite number?
True
Is 4894189 a composite number?
False
Is 31968187 prime?
True
Is 44789 prime?
True
Is 8577733 composite?
True
Is 14495177 composite?
False
Is 7122361 a prime number?
True
Is 83682191 a prime number?
False
Is 10808645 prime?
False
Is 514979783 a prime number?
True
Is 12122527 a prime number?
False
Is 1441633 prime?
True
Is 588409 a composite number?
True
Is 277033423 a composite number?
True
Is 404941 a prime number?
True
Is 35993927 a prime number?
True
Is 19414861 prime?
False
Is 426338999 composite?
False
Is 10387551 a prime number?
False
Is 2096839 composite?
True
Is 8055461 a prime number?
True
Is 55999439 prime?
True
Is 1573291 a prime number?
False
Is 6351089 a composite number?
False
Is 17568539 a prime number?
False
Is 684115451 a prime number?
True
Is 305157 a prime number?
False
Is 307283189 composite?
False
Is 312406949 prime?
False
Is 1359739 a prime number?
True
Is 65512563 prime?
False
Is 3458489 a composite number?
False
Is 254676881 composite?
True
Is 21105107 a composite number?
False
Is 15135391 a composite number?
False
Is 205711 prime?
False
Is 1951347 a prime number?
False
Is 94238653 a prime number?
True
Is 6931009 prime?
False
Is 1373899 composite?
True
Is 29565779 composite?
False
Is 4195483 composite?
False
Is 22213369 prime?
True
Is 357442219 prime?
False
Is 438205 a prime number?
False
Is 193647431 a prime number?
True
Is 1292927 c